{"id":21,"date":"2022-11-16T17:47:24","date_gmt":"2022-11-16T17:47:24","guid":{"rendered":"https:\/\/tmeu.network\/?page_id=21"},"modified":"2022-11-16T18:09:09","modified_gmt":"2022-11-16T18:09:09","slug":"bitte-pruefe-deine-vpn-verbindung-magyar","status":"publish","type":"page","link":"https:\/\/tmeu.network\/?page_id=21&lang=hu","title":{"rendered":"Magyar"},"content":{"rendered":"\n<p>Ha \u00d6n itt van, ennek a k\u00f6vetkez\u0151 okai lehetnek<\/p>\n\n\n\n<pre class=\"wp-block-code\"><code>A VPN-kapcsolat megszakadt\n\u00d6n nem csatlakozik a bels\u0151 h\u00e1l\u00f3zathoz\nA b\u00f6ng\u00e9sz\u0151je rossz IP-c\u00edmet mentett el\n(ebben az esetben k\u00e9rj\u00fck, t\u00f6r\u00f6lje a b\u00f6ng\u00e9sz\u0151 gyors\u00edt\u00f3t\u00e1r\u00e1t)\nHa a fentiek egyike sem seg\u00edt, k\u00e9rj\u00fck, h\u00edvja fel az informatikai t\u00e1mogat\u00f3j\u00e1t.<\/code><\/pre>\n","protected":false},"excerpt":{"rendered":"<p>Ha \u00d6n itt van, ennek a k\u00f6vetkez\u0151 okai lehetnek<\/p>\n","protected":false},"author":1,"featured_media":0,"parent":0,"menu_order":0,"comment_status":"closed","ping_status":"closed","template":"","meta":{"footnotes":""},"class_list":["post-21","page","type-page","status-publish","hentry","entry"],"_links":{"self":[{"href":"https:\/\/tmeu.network\/index.php?rest_route=\/wp\/v2\/pages\/21","targetHints":{"allow":["GET"]}}],"collection":[{"href":"https:\/\/tmeu.network\/index.php?rest_route=\/wp\/v2\/pages"}],"about":[{"href":"https:\/\/tmeu.network\/index.php?rest_route=\/wp\/v2\/types\/page"}],"author":[{"embeddable":true,"href":"https:\/\/tmeu.network\/index.php?rest_route=\/wp\/v2\/users\/1"}],"replies":[{"embeddable":true,"href":"https:\/\/tmeu.network\/index.php?rest_route=%2Fwp%2Fv2%2Fcomments&post=21"}],"version-history":[{"count":2,"href":"https:\/\/tmeu.network\/index.php?rest_route=\/wp\/v2\/pages\/21\/revisions"}],"predecessor-version":[{"id":47,"href":"https:\/\/tmeu.network\/index.php?rest_route=\/wp\/v2\/pages\/21\/revisions\/47"}],"wp:attachment":[{"href":"https:\/\/tmeu.network\/index.php?rest_route=%2Fwp%2Fv2%2Fmedia&parent=21"}],"curies":[{"name":"wp","href":"https:\/\/api.w.org\/{rel}","templated":true}]}}